j**2 + 14*j - 159. Give y(11).
-5
Let y(r) = 2*r**2 + 12*r + 2. Give y(-8).
34
Let c(f) = f + 1. Determine c(4).
5
Let y(p) = -p**3 + 53*p**2 - 284*p + 97. Give y(47).
3
Let u(q) = -q**2 + 24*q + 1. What is u(23)?
24
Let g(x) = -28*x + 23. Calculate g(-6).
191
Let k(d) = 23*d + 1981. Calculate k(-86).
3
Let i(p) = -5*p**2 - 2*p + 3. What is i(1)?
-4
Let n(i) = i**2 + 7*i - 6. What is n(5)?
54
Let g(w) = w**2 + 3*w - 42. Determine g(5).
-2
Let y(x) = -x**3 + 17*x**2 + 18*x - 24. Determine y(18).
-24
Let k(f) = 4*f + 52. What is k(-12)?
4
Let c(l) = -43*l**3 + 1. Determine c(-1).
44
Let p(z) = -7*z + 56. Calculate p(9).
-7
Let q(t) = -t**2 + 17*t - 11. What is q(16)?
5
Let m(l) = -4*l**2 - 3*l + 2. Determine m(2).
-20
Let m(x) = -2*x**3 - 5*x**2 + 40*x + 88. What is m(-2)?
4
Let n(r) = 4*r**2 - 56*r - 1. Determine n(14).
-1
Let y(q) = -q**3 - 5*q**2 - 4*q + 1. Determine y(-4).
1
Let d(x) = 6*x - 12. Determine d(5).
18
Let k(l) = l**3 + 4*l**2 + l + 5. Determine k(-3).
11
Let j(o) = -o**2 - 15*o - 50. Determine j(-14).
-36
Let v(n) = 4*n**2 - 2. Give v(3).
34
Let o(z) = -2*z**3 + 4*z**2 + 5*z + 3. Determine o(-2).
25
Let c(o) = o**2 - 20*o + 29. Determine c(19).
10
Let v(l) = -l**2 - 47*l + 86. Determine v(-49).
-12
Let y(h) = h + 37. What is y(-33)?
4
Let x(q) = q**3 - 9*q**2 - 22*q + 8. Determine x(11).
8
Let v(f) = 93*f**3 - 2*f**2 + 2*f - 1. Determine v(1).
92
Let g(m) = m**3 + 5*m**2 + m - 4. Calculate g(-3).
11
Let a(v) = -v**2 + 6*v + 2. What is a(6)?
2
Let j(q) = -2*q**2 - 2*q + 2. What is j(-2)?
-2
Let h(p) = 98*p**3 + p**2 + 2*p - 2. Give h(1).
99
Let q(g) = g**2 + 3*g - 4. Calculate q(-4).
0
Let p(n) = n**3 - 81*n**2 - 84*n + 166. Calculate p(82).
2
Let c(n) = n + 3. Determine c(4).
7
Let w(o) = -8*o + 24. Determine w(7).
-32
Let a(o) = 94*o**3 - o**2 + o + 2. Calculate a(-1).
-94
Let y(a) = -a + 6. Determine y(-6).
12
Let x(l) = -l**3 - l**2 + l + 6. What is x(0)?
6
Let j(z) = -48*z + 27. Determine j(2).
-69
Let b(y) = -y**2 - 6*y - 2. Determine b(-6).
-2
Let t(m) = 3*m**2 - 3*m - 1. Calculate t(3).
17
Let g(a) = -2*a**2 + a + 20. What is g(4)?
-8
Let g(a) = a**2 - a - 7. Calculate g(3).
-1
Let j(f) = -21*f**3. Give j(1).
-21
Let c(f) = 7*f + 93. What is c(-13)?
2
Let b(l) = -l**2 - 19*l. Calculate b(-20).
-20
Let d(l) = l**2 + 1. Give d(-1).
2
Let q(b) = -3*b - 27. What is q(-9)?
0
Let h(r) = -r**2 - 8*r + 13. What is h(-11)?
-20
Let l(m) = 7*m**3 - 2*m**2 + 3*m - 4. Calculate l(-3).
-220
Let a(r) = 48*r + 189. Determine a(-4).
-3
Let b(r) = -r**3 + 21*r**2 - 7*r + 125. Determine b(21).
-22
Let g(t) = -t**3 + 9*t**2 + 7*t - 12. What is g(10)?
-42
Let v(g) = -g**3 - 2*g**2 - 2*g - 3. Give v(-2).
1
Let g(o) = -5*o**2 - 2. Determine g(2).
-22
Let b(g) = 4*g + 13. Determine b(-6).
-11
Let q(u) = -3*u**2 - 6*u + 6. What is q(4)?
-66
Let v(k) = -17*k**3 + k. Give v(1).
-16
Let t(h) = -h**3 - 10*h**2 - 10*h - 21. Calculate t(-9).
-12
Let a(m) = 7*m + 70. Determine a(-9).
7
Let p(s) = s**3 + 14*s**2 - 15*s + 6. What is p(-15)?
6
Let z(f) = -4*f - 111. Calculate z(-6).
-87
Let t(j) = -j**2 + 21*j - 26. What is t(7)?
72
Let p(x) = 5*x - 3. What is p(-2)?
-13
Let s(x) = -x**2 - 14*x + 61. What is s(-15)?
46
Let v(y) = -9*y + 182. Calculate v(18).
20
Let f(o) = -o**3 + 20*o**2 - 15*o - 4. Give f(19).
72
Let d(n) = -n + 20. What is d(16)?
4
Let c(o) = -7*o**3 + 4*o**2 - 4*o + 2. What is c(2)?
-46
Let x(j) = j**3 + 8*j**2 + 2*j - 2. Give x(-7).
33
Let z(w) = -w**3 - 49*w**2 - 446*w - 20. Determine z(-12).
4
Let v(p) = -2*p + 7. What is v(-4)?
15
Let p(x) = -3*x - 4. What is p(0)?
-4
Let r(n) = n**2 + 14*n + 35. What is r(-11)?
2
Let z(q) = 35*q**3 - q**2. What is z(1)?
34
Let q(h) = -85*h + 1439. Determine q(17).
-6
Let j(l) = 13*l + 1. Determine j(1).
14
Let b(p) = p**2 - 4*p - 7. Give b(-6).
53
Let a(m) = -37*m - 142. What is a(-4)?
6
Let o(b) = -10*b**2 + 3*b + 8. What is o(3)?
-73
Let x(q) = q**2 + 5*q + 12. Determine x(-9).
48
Let m(x) = -x**3 + 16*x**2 - 16*x + 15. Give m(15).
0
Let a(q) = q**2 + q. Give a(6).
42
Let c(b) = -b**2 - 15*b + 8. Calculate c(-15).
8
Let l(g) = 4*g + 16. What is l(-10)?
-24
Let a(w) = -w**2 - 8*w - 6. Give a(0).
-6
Let b(p) = -p**2 + p + 20. Calculate b(6).
-10
Let v(a) = -2*a**2 + 2*a + 2. Give v(6).
-58
Let a(w) = -w**3 + w**2 + w + 3. Determine a(-2).
13
Let u(t) = 2*t**2 + 5*t + 8. Give u(-5).
33
Let h(x) = -x - 10. Calculate h(-7).
-3
Let a(f) = -45*f + 406. What is a(9)?
1
Let q(a) = 2*a**2 - 4*a - 3. Give q(-1).
3
Let g(y) = y**3 - 8*y**2 - y - 7. Determine g(8).
-15
Let r(a) = a**3 + a**2 - a + 2. Calculate r(-3).
-13
Let l(n) = n**3 - n**2 - n - 9. Determine l(0).
-9
Let j(h) = -h**2 + 12*h - 6. Give j(6).
30
Let d(u) = -u**3 - 9*u**2 + 10*u - 6. Give d(-10).
-6
Let f(b) = -17*b + 5. Give f(1).
-12
Let p(c) = c**3 - 10*c**2 - 16*c + 8. Determine p(11).
-47
Let o(v) = 22*v + 222. Calculate o(-10).
2
Let s(x) = x**2 - 9*x - 15. What is s(11)?
7
Let v(i) = i**3 + 13*i**2 + 12*i + 25. Calculate v(-12).
25
Let j(b) = -5*b + 40. Give j(9).
-5
Let l(i) = -i**2 - i + 25. Calculate l(-6).
-5
Let h(i) = 2*i**2 + 13*i - 4. Determine h(-6).
-10
Let x(m) = -m**3 - 7*m**2 + 4. Calculate x(-7).
4
Let y(k) = 93*k + 564. What is y(-6)?
6
Let l(q) = -q**3 + 14*q**2 - 24*q + 5. Calculate l(12).
5
Let a(s) = 4*s**3. Give a(1).
4
Let r(u) = -22*u + 194. Calculate r(8).
18
Let x(q) = -28*q + 122. Calculate x(4).
10
Let w(m) = 23*m**3 + m**2 - 4*m - 2. Determine w(-2).
-174
Let i(z) = z**3 - 7*z**2 + 2*z + 8. Determine i(7).
22
Let w(i) = -i - 2. What is w(-10)?
8
Let v(t) = t - 21. Determine v(13).
-8
Let r(u) = -u**3 - 21*u**2 + 50*u - 25. What is r(-23)?
-117
Let r(a) = 2*a**2 - 14*a + 3. Give r(8).
19
Let h(v) = v**3 + 17*v**2 - 14*v + 52. Determine h(-18).
-20
Let p(k) = -2*k**2 + 36*k - 6. Calculate p(18).
-6
Let j(r) = r**3 - 9*r**2 + 7*r + 10. Calculate j(8).
2
Let u(h) = -h**3 - h**2 + h + 39. Give u(0).
39
Let w(i) = i**3 + 30*i**2 - 29*i + 46. Determine w(-31).
-16
Let q(l) = l + 14. Determine q(-9).
5
Let k(u) = u + 3. Give k(3).
6
Let h(v) = -22*v**2 + 1. Determine h(-1).
-21
Let a(n) = -3*n**2 - 171*n + 6. Determine a(-57).
6
Let n(y) = -y**2 - 5*y + 177. What is n(11)?
1
Let x(w) = -w + 23. Calculate x(7).
16
Let g(t) = t**3 + 4*t**2 - 10*t + 11. Determine g(-6).
-1
Let z(d) = -d + 1. Calculate z(-4).
5
Let o(m) = 10*m**3 - 4*m - 2. What is o(-1)?
-8
Let w(s) = -s**3 + s**2 - s + 1. Calculate w(2).
-5
Let n(j) = -5*j - 72. Calculate n(-12).
-12
Let p(j) = j**3 - 7*j**2 + 6*j - 3. Calculate p(7).
39
Let v(k) = k**2 + 19*k - 17. Calculate v(-20).
3
Let q(x) = -x**3 + 17*x**2 + 21*x - 41. Determine q(18).
13
Let q(g) = -8*g - 302. Determine q(-38).
2
Let x(c) = c**3 - 3*c**2 - 6*c + 10. Give x(3).
-8
Let r(q) = -q**3 - 8*q**2 - 12*q + 6. Calculate r(-5).
-9
Let f(u) = u**3 + 9*u**2 - 10*u - 2. What is f(-10)?
-2
Let m(b) = 11*b - 25. What is m(9)?
74
Let y(b) = -b - 5. Give y(8).
-13
Let u(n) = n**2 - 23*n + 93. Calculate u(17).
-9
Let d(v) = -v**2 - 4*v - 3. What is d(-1)?
0
Let n(x) = x**2 + 16*x + 4. Give n(-16).
4
Let r(k) = -k**3 + 16*k**2 - 12*k - 17. Determine r(15).
28
Let f(d) = d**3 + 2*d**2 - 2*d - 4. Calculate f(-2).
0
Let r(a) = -2*a**2 + a + 2. Give r(-1).
-1
Let l(w) = 7*w + 27. What is l(-6)?
-15
Let c(z) = -16*z**3 - 6*z**2 - 8*z - 3. Determine c(-1).
15
Let t(j) = -24*j**3 + 2*j**2 + 2*j + 1. Calculate t(-1).
25
Let c(s) = 5*s**3 + s**2 - s + 1. What is c(1)?
6
Let r(h) = h**3 + h**2 - 2*h - 2. Give r(-1).
0
Let z(w) = 14*w**3 + 3*w - 2. Determine z(1).
15
Let s(k) = 2*k**2 + k - 2. What is s(2)?
8
Let h(k) = 2*k**2 - 24*k - 19. What is h(13)?
7
Let p(h) = h**3 + 3*h**2 + h - 2. Calculate p(-3).
-5
Let k(b) = -4*b + 159. Determine k(39).
3
Let i(t) = -5*t + 2. Give i(6).
-28
Let w(h) = -3*h**2 - 110*h + 31. Determine w(-37).
-6
Let r(w) = -w**3 - 13*w**2 + 54*w + 97. What is r(-16)?
1
Let p(o) = -7*o**2 - 24*o + 25. Determine p(-4).
9
Let u(f) = -84*f - 509. Calculate u(-6).
-5
Let x(z) = z**3 - 8*z**2 + 5*z + 17. Determine x(7).
3
Let p(s) = 2*s**2 + 8*s - 51. What is p(-7)?
-9
Let i(p) = -p**3 + 6*p**2 - 5*p - 1. Give i(5).
-1
Let o(g) = 2*g**3 + 8*g**2 + 8*g + 6. Calculate o(-2).
6
Let p(n) = -n**3 + 7*n**2 + 8*n - 2. Give p(8).
-2
Let l(m) = -m**3 + 7*m**2 + 7*m + 9. What is l(8)?
1
Let f(